
220
Calculate the greatest common factor of 7 and 356699.
7
Calculate the greatest common factor of 20850705 and 10.
5
What is the greatest common divisor of 43183 and 22473269?
1393
What is the highest common factor of 2817427 and 1696?
53
What is the greatest common divisor of 13805344 and 224?
224
What is the greatest common divisor of 4839201 and 171?
9
Calculate the highest common factor of 152921 and 925.
37
Calculate the greatest common divisor of 78 and 1982396.
26
Calculate the greatest common factor of 3939 and 2968497363.
3939
Calculate the highest common factor of 2121423 and 8277.
93
What is the greatest common divisor of 398 and 15730950?
398
What is the greatest common divisor of 171991050 and 1575?
525
Calculate the highest common factor of 480 and 17210656.
32
Calculate the highest common divisor of 497 and 238642147.
71
What is the highest common factor of 594 and 2889990?
18
Calculate the greatest common factor of 34 and 7013282.
34
Calculate the greatest common divisor of 193 and 2364471371.
193
What is the greatest common divisor of 1702 and 934657?
37
Calculate the highest common factor of 45008960 and 16.
16
Calculate the highest common factor of 103740 and 4750.
190
What is the greatest common factor of 3029 and 166699?
13
What is the greatest common factor of 241 and 24776246?
241
Calculate the greatest common factor of 32 and 94207696.
16
Calculate the highest common divisor of 673882 and 319.
11
Calculate the highest common factor of 15205 and 28998976.
3041
What is the highest common factor of 36233 and 134655177?
1907
Calculate the highest common factor of 193122224 and 4516.
4516
What is the highest common divisor of 57244 and 9095291?
1301
What is the greatest common divisor of 91729 and 15191?
11
What is the greatest common divisor of 3210316 and 4664?
212
Calculate the highest common divisor of 625872 and 241944.
408
Calculate the greatest common factor of 15255423 and 1026.
171
What is the highest common factor of 304 and 11194384?
16
Calculate the greatest common divisor of 9248151 and 7227.
2409
Calculate the greatest common factor of 1315 and 9165287.
263
Calculate the highest common divisor of 41025014 and 2946.
982
Calculate the highest common divisor of 9464 and 6896890.
2366
What is the highest common divisor of 977074 and 68579?
707
What is the greatest common divisor of 22181 and 10279?
541
Calculate the highest common factor of 1400 and 1985144.
56
What is the greatest common divisor of 226 and 7466362?
226
Calculate the highest common factor of 8129 and 9270755.
739
What is the highest common factor of 60345 and 86535?
135
What is the greatest common factor of 637941 and 9465?
1893
Calculate the highest common factor of 1824 and 991002.
114
What is the greatest common factor of 16855 and 5252018?
3371
What is the highest common divisor of 43287 and 3240462?
141
What is the highest common divisor of 83 and 30103436?
83
Calculate the highest common factor of 143 and 646184.
11
What is the highest common divisor of 13385 and 95708104?
2677
Calculate the greatest common factor of 125828 and 39037.
379
What is the greatest common factor of 226 and 376958?
2
What is the highest common factor of 6468 and 73725498?
3234
What is the greatest common divisor of 4814812781 and 19?
19
What is the highest common divisor of 257330 and 815?
5
What is the highest common factor of 16793 and 11565579?
2399
Calculate the greatest common factor of 1280 and 301130.
10
Calculate the greatest common divisor of 112 and 804899088.
112
Calculate the greatest common divisor of 479107 and 65341.
181
Calculate the highest common divisor of 50292685 and 5.
5
What is the greatest common factor of 3447 and 155601?
9
Calculate the greatest common divisor of 87 and 6833742.
3
Calculate the highest common factor of 17518 and 450397.
461
Calculate the highest common divisor of 215 and 16474289.
43
What is the highest common divisor of 12264398 and 994?
142
What is the greatest common factor of 620 and 897487820?
620
Calculate the greatest common divisor of 16941834 and 351.
117
Calculate the highest common divisor of 160 and 266494400.
160
Calculate the highest common factor of 2456958 and 8220.
822
What is the greatest common divisor of 64882736 and 173548?
4036
What is the highest common divisor of 4420845 and 176?
11
Calculate the highest common factor of 993978 and 237.
237
Calculate the highest common factor of 18679628 and 44.
44
What is the greatest common divisor of 40 and 1128210?
10
Calculate the greatest common divisor of 39 and 340976337.
39
What is the greatest common factor of 11 and 71629756?
11
Calculate the greatest common divisor of 4631 and 345389.
11
What is the greatest common factor of 12131178 and 6?
6
What is the highest common factor of 38601 and 124659?
9
What is the greatest common factor of 124648321 and 7553?
581
Calculate the greatest common factor of 104 and 1568060.
52
Calculate the greatest common factor of 122775 and 73552047.
4911
What is the greatest common divisor of 3026 and 2818719?
1513
What is the highest common factor of 219570 and 435?
15
What is the highest common factor of 62214208 and 70?
14
What is the greatest common divisor of 9279 and 20574636?
3093
Calculate the greatest common factor of 148 and 2330519.
37
What is the greatest common divisor of 7680280 and 2?
2
Calculate the greatest common factor of 2407 and 66613.
29
Calculate the highest common factor of 15435946 and 2378.
58
Calculate the greatest common factor of 729450 and 54.
18
Calculate the highest common factor of 3904 and 23180.
244
Calculate the greatest common divisor of 39437384 and 26887.
1169
Calculate the highest common divisor of 1064380 and 1064.
76
Calculate the highest common factor of 9824279 and 934.
467
What is the greatest common divisor of 512476 and 100?
4
What is the greatest common factor of 9 and 3087743?
1
Calculate the highest common factor of 3723585545 and 8285.
8285
Calculate the highest common factor of 7363488 and 8360.
1672
What is the highest common divisor of 280 and 45150490?
70
Calculate the greatest common factor of 128991948 and 2998.
2998
Calculate the highest common divisor of 1385417 and 19952.
1247
Calculate the highest common factor of 447935 and 10100.
505
Calculate the highest common factor of 30213317 and 1699.
1699
What is the greatest common divisor of 204197279 and 13299?
4433
Calculate the greatest common factor of 8473 and 15071617.
37
Calculate the highest common divisor of 11907747 and 1665.
333
Calculate the greatest common divisor of 361 and 101441.
361
Calculate the highest common divisor of 12292768 and 766.
766
Calculate the greatest common divisor of 35 and 3914519.
7
Calculate the highest common divisor of 337622 and 17840.
446
What is the greatest common factor of 3813685 and 5?
5
Calculate the greatest common factor of 556356 and 40044.
852
Calculate the greatest common factor of 740174 and 29646.
122
Calculate the highest common factor of 2189716809 and 63.
21
Calculate the highest common divisor of 67688469 and 31.
31
Calculate the greatest common factor of 811 and 12253.
1
What is the highest common divisor of 95846250 and 35615?
2095
Calculate the greatest common divisor of 77 and 16079987.
77
What is the highest common factor of 2810250 and 68200?
50
What is the greatest common divisor of 14065 and 93577258?
2813
What is the highest common factor of 2095 and 1774046?
419
Calculate the highest common divisor of 5974344 and 15300.
612
What is the highest common factor of 57348 and 147500?
236
What is the greatest common divisor of 190517910 and 550?
110
Calculate the highest common factor of 88911 and 1316043.
801
What is the highest common factor of 1251987 and 8712?
363
What is the greatest common factor of 4777 and 7049447?
281
What is the greatest common factor of 5672 and 23555107?
709
Calculate the greatest common factor of 23343 and 8928.
93
What is the greatest common factor of 3776850 and 10725?
825
Calculate the greatest common divisor of 1666 and 131954.
34
Calculate the highest common factor of 132888 and 465024.
168
Calculate the highest common divisor of 68850 and 19778650.
850
What is the greatest common divisor of 4840 and 1122344?
8
What is t